
Suppose 424*b = 422*b + 156249 + 266345. Is b composite?
False
Suppose 4*b - 2*y + 1415104 = 0, 1061331 = 15*b - 18*b + 3*y. Is b/(-125) + (24/10)/3 a prime number?
False
Suppose -2*j + j = -7. Suppose -2*w + 4*w + 19 = 3*l, 0 = -l + w + j. Suppose 2*p = -2*i + l*p + 79, -4*i + 2*p + 178 = 0. Is i a prime number?
True
Suppose 0 = 2*x - b - 11961, 0 = -6*x + 7*x + 5*b - 5986. Is x a prime number?
True
Let o(b) = -b**3 - 8*b**2 - 12*b + 5. Let l be o(-6). Let v be (-20)/(-5) - l - -3. Is 3*v/(-24) + 38655/12 composite?
False
Let k(c) = c + 7. Let j be k(-5). Suppose 0 = j*z - z - 2. Suppose -4*i = -16, -z*b = b - 5*i - 265. Is b a composite number?
True
Let a(d) = -54*d + 336. Let z be a(6). Is 221554/z + (-2)/(-12) a composite number?
True
Suppose -29*c = -35*c + 174. Suppose c*l - 15*l - 326410 = 0. Is l prime?
False
Let g(u) = 317*u**2 + 12*u + 2. Suppose -18 = -147*a + 153*a. Is g(a) composite?
False
Is (-45)/25 + 2684896/20 prime?
True
Let a(d) = -d**3 - d**2 - 3*d + 15. Let u be a(7). Let i = u + -513. Let b = i + 1660. Is b a prime number?
False
Let n = 395569 - 227618. Is n a prime number?
False
Let y(z) = z + 7. Let d be y(-7). Let t(m) = -5*m**3 + 28*m**2 - 16*m + 12. Let h be t(5). Suppose 0 = h*p - d*p - 91. Is p prime?
True
Let q(t) = 4*t**2 + 8*t + 6. Let s be q(-2). Suppose -3192 = -s*w + 1122. Is w composite?
False
Let s = 36310 - -17469. Is s prime?
False
Let r(s) = s**2 + 9*s - 19. Let o be r(4). Let c = o + -31. Suppose 3*w - 1604 = w - 5*u, c = u. Is w prime?
True
Suppose -19*g = -13*g - 36. Suppose g*u - 16 - 998 = 0. Let j = 255 - u. Is j prime?
False
Let v(x) = -5*x - 6*x + 1 + 4*x - 13. Let d = 25 + -35. Is v(d) composite?
True
Let y = -126 + 386. Suppose 2*n - 4*n = -y. Suppose n = 5*g - w, w = -0*w. Is g a prime number?
False
Let c(i) = -4*i**3 - 241*i**2 + 52*i + 89. Is c(-72) prime?
False
Let o(d) = 7*d**3 - 6*d**2 - 9*d - 33. Let w be o(-4). Let n = 1122 - w. Is n a prime number?
True
Let n be 0/(-14) + 4 + -2. Suppose h - n*h = 0. Let y = h - -97. Is y a composite number?
False
Let j(h) = -6*h**3 - 9*h**2 - 3*h + 1. Let n be j(-6). Suppose 4*v - 3954 = v. Suppose -k = -3*a + n, -4*a + v = -k - 2*k. Is a prime?
True
Let r = -25 + 11. Let a be (-32)/r + (-8)/28*1. Suppose -238 = -a*w - 3*f + 63, 2*f - 2 = 0. Is w composite?
False
Let r = -64583 - -104050. Is r prime?
False
Let d = 333 + -409. Let t = 1642 - d. Is t prime?
False
Let n(s) = -15*s**3 - 2*s**2 + s + 2. Let t be n(-1). Suppose 0 = 2*h - 5*r + 1 - t, 5*h - 2*r - 43 = 0. Let p(z) = 46*z - 25. Is p(h) a composite number?
False
Let f(u) = 10845*u - 1381. Is f(8) a prime number?
False
Suppose -10934355 = 275*q - 33020907 - 10054898. Is q prime?
False
Let s be ((-22)/(-3))/(-3*(-2)/1359). Let c = 7748 - s. Is c prime?
False
Let y be 5*51*5/75. Suppose -k + y + 11 = 0. Suppose k*v = 37*v - 15021. Is v a composite number?
False
Let l(x) = -2*x**3 + 59*x**2 - 25*x - 42. Let o be l(29). Suppose 75 = -2*a + 3*t - 4*t, -a - 41 = 4*t. Let c = a + o. Is c a composite number?
False
Suppose -25*n = -78*n + 424. Suppose 22*q = n*q + 55538. Is q a prime number?
True
Let h = 273313 - -24346. Is h prime?
True
Let j = -48 - -51. Suppose 3*n - 39 = -2*f - j*f, -3*f - 15 = -3*n. Is -2 - (20/n*-502 - 0) a composite number?
True
Suppose 706 - 710 = -u. Let o = 1251 - 710. Suppose -4*p + 2164 = 4*r, u*r = -p + r + o. Is p a composite number?
False
Let x(a) = -13*a**2 - 33*a + 55. Let d(m) = 7*m**2 + 16*m - 27. Let j(s) = 5*d(s) + 2*x(s). Suppose -67*c = -63*c + 56. Is j(c) a composite number?
False
Let w(x) = -33 - 25*x**3 - 18*x + 4*x + 11*x + 5*x**2 - 3*x. Is w(-5) prime?
False
Let c(j) = 315*j - 17 - 70 + 776*j - 44. Is c(10) a composite number?
True
Suppose 5*n - p = 78, 0*n = 3*n + p - 50. Suppose -n = 2*w - 4*f, 0 = -2*w - f - 3*f + 8. Is w/(-2*5/3790) composite?
True
Is -11 - 517/(-44) - (-1)/(8/1227890) composite?
False
Let k be (57/15 + -2 + -2)*-25. Suppose g - 4*u - 55 = 0, -15 = -5*u + k. Suppose 354 = 73*h - g*h. Is h composite?
True
Let q be 16/9 - (-6)/27. Let o(v) = 295*v + 51641 - 25819 - 25825. Is o(q) composite?
False
Suppose 4*d - u = -0*u + 314, -d + 2*u = -75. Suppose 5*g - 791 + 34 = 4*c, -3*c - 559 = 5*g. Let i = d - c. Is i a prime number?
False
Let t = 428 + -409. Suppose t*x = 45032 + 34559. Is x prime?
False
Suppose m + 3*m + 2068 = 0. Let k = m + 1310. Suppose -6*p = -2815 + k. Is p composite?
False
Suppose -2 - 3 = -5*a. Let t = -232 - -233. Is (a + t)/((-2)/(-2333)) prime?
True
Let c(k) = 267*k + 291*k - 812*k + 8 + 279*k. Suppose -5*h + 45 = -0*h. Is c(h) a prime number?
True
Let c(m) = 6496*m**3 - m**2 + m. Let b be c(-1). Let k = 9265 + b. Is k a composite number?
False
Suppose -17553661 = 271*r - 11724129 - 97571433. Is r composite?
False
Suppose 4*g + 261 + 91 = 0. Let s = 541 - g. Suppose k + 3*d - 223 = 0, d = 2*k + k - s. Is k a prime number?
True
Suppose 8769 = -2*z - 3*o + 44998, 18107 = z + 4*o. Is z a composite number?
False
Let f(u) = 55*u**2 + 16*u + 17. Let c be f(-13). Suppose -2979 + c = 5*y. Suppose 9*x = -y + 6454. Is x composite?
True
Suppose 3*a + 103987 = 2*p, -2*p - 11*a + 16*a = -103985. Is p a composite number?
True
Let p(j) = -13*j**2 - 29*j - 17. Let b(w) = -7*w**2 - 15*w - 8. Let t(n) = 11*b(n) - 6*p(n). Let k be t(-7). Suppose k = 26*l - 28*l + 282. Is l composite?
True
Suppose 0 = 14*g + 16*g - 38550. Let f = g + -334. Is f a composite number?
True
Suppose a = 2*q + 374, 5*a = -0*q - q + 1815. Suppose -12*h + a = -8*h. Suppose -h - 619 = -2*z. Is z composite?
True
Suppose -16 = 4*s + 68. Let p = s + 23. Suppose p*u + 186 = 1000. Is u composite?
True
Let q be (-1)/(-4) - 38/(-8). Let s(p) be the third derivative of 19*p**5/30 + 5*p**4/12 - 3*p**3/2 + 9*p**2 - 8*p. Is s(q) composite?
False
Suppose 2*s - 6*s - 416 = 0. Let l = s - -110. Suppose -3587 = -l*m + 1321. Is m prime?
False
Suppose -52 = -6*a + 10*a. Let n(b) = -2*b**2 - 26*b + 12. Let v be n(a). Suppose x = v*x - 54373. Is x a prime number?
True
Let p(f) = 14464*f + 1889. Is p(35) a prime number?
True
Let l = 597 - 2675. Suppose -3*i - 5*n + 3*n - 14 = 0, 0 = -3*i + 4*n + 10. Is (-3 + (-2)/i)*l/4 prime?
True
Let d(p) = p**2 + 28*p + 30. Let t be d(-27). Suppose -4*a + 14991 = t*l, a - 15*l - 3750 = -18*l. Is a a composite number?
True
Suppose -4*b + 3*u = 216, 0 = b + 2*u + 3*u + 54. Let g = 59 + b. Suppose -322 = -g*y + 1903. Is y composite?
True
Let i(o) be the second derivative of -o**4/12 + o**3/6 + 611*o**2/2 + 204*o. Suppose 0 = -3*j - 5*m, 0 = 2*j - 0*j - 4*m. Is i(j) a prime number?
False
Let p = 583746 + -241249. Is p a prime number?
True
Suppose -4*h - 3*m + 42 = 0, -2 + 4 = m. Suppose 7 = 2*v + 2*v + n, -3*v + 3*n = -h. Is 4 - v*(-5 - 12) composite?
True
Let k = 21528 - 11251. Is k a prime number?
False
Let j be 1/((-1)/4) + 12985/(-35). Suppose 642 + 1236 = 3*h. Let w = h + j. Is w a prime number?
True
Let y = -9493 + 33627. Suppose 13*j - 15*j = -y. Is j composite?
True
Let z = 6170 + -18210. Let f = -8133 - z. Is f a prime number?
True
Let r(w) = -68*w**3 + 60*w**2 + 709*w - 30. Is r(-13) prime?
False
Suppose 38*x - 39*x = 35. Let v = -33 - x. Suppose 4*g - 3*q = 508, -127 = -g + v*q + q. Is g composite?
False
Suppose t - 2*i - 3 = -5, 20 = 2*t + 4*i. Suppose 4642 = 2*z - 4*x, 5*z + 7929 = t*x + 19510. Is (z/(-6))/(3/(-6)) prime?
False
Let k(o) = -6*o**3 + 2*o**2 + 4*o - 5. Let d be k(2). Let i = d - -40. Suppose i*j = 2*f + 2397, 3*j - 4*f - 1606 = j. Is j a composite number?
False
Let t = -461626 + 647415. Is t composite?
False
Suppose -3*y + 3*f = 8*f - 248243, -330948 = -4*y + 4*f. Is y composite?
True
Suppose -5*m - 2*x = -4*m - 47, -5*m + 235 = -4*x. Let p = m - 115. Is 7123/p*(-4)/1 composite?
False
Let w = 87 - -2026. Suppose -3*n = 2*p - w, 5160 + 136 = 5*p + 3*n. Is p a prime number?
True
Let n = -488449 - -731000. Is n prime?
True
Is (((-2)/(-6))/((-4)/12))/((-42)/455322) a composite number?
True
Let u(d) = d**3 - 16*d**2 + 18*d - 37. Let b(j) = 2*j + 39. Let r be b(-12). Let m be u(r). Is 1786/m + 2/(-8) composite?
False
Suppose 83*u - 4397721 = -23*u + 49*u. Is u a prime number?
True
Let p(k) = -9721*k + 19. Let g be p(-3). Let x = -20681 + g. Is x prime?
True
Let h(p) = 5 + 21*p - 17*p + 30*p**2 + 58*p**2 - 11*p**2 - 10*p**2. Let d